e prime factors of 27209678?
2, 13604839
List the prime factors of 225889553.
71, 3181543
What are the prime factors of 62780435?
5, 12556087
What are the prime factors of 274099628?
2, 11, 421, 14797
List the prime factors of 56532894.
2, 3, 11, 7079
List the prime factors of 2507710704.
2, 3, 347, 150559
List the prime factors of 94302718.
2, 197, 239347
List the prime factors of 14960338.
2, 103, 72623
What are the prime factors of 70139881?
7, 10019983
List the prime factors of 1760385643.
43, 109, 379, 991
List the prime factors of 72279437.
167, 443, 977
What are the prime factors of 45217812?
2, 3, 139, 27109
What are the prime factors of 8798299?
17, 517547
List the prime factors of 44596381.
44596381
List the prime factors of 5024668517.
11, 456788047
What are the prime factors of 55740503?
7, 13, 211, 2903
What are the prime factors of 255843351?
3, 28427039
What are the prime factors of 61824430?
2, 5, 73, 84691
What are the prime factors of 3750486648?
2, 3, 37, 4223521
What are the prime factors of 40527914?
2, 7, 977, 2963
What are the prime factors of 3791234446?
2, 1895617223
What are the prime factors of 34169150?
2, 5, 17, 61, 659
List the prime factors of 457646961.
3, 41, 3720707
What are the prime factors of 2671583094?
2, 3, 49473761
List the prime factors of 1097452497.
3, 113, 149, 21727
List the prime factors of 117148081.
29, 4039589
What are the prime factors of 736363633?
83, 787, 11273
List the prime factors of 3375304596.
2, 3, 577, 162493
List the prime factors of 65353068.
2, 3, 11, 1667
What are the prime factors of 119423716?
2, 37, 806917
List the prime factors of 159864532.
2, 17, 163, 14423
What are the prime factors of 89371145?
5, 17874229
List the prime factors of 747033251.
53, 167, 84401
List the prime factors of 38621391.
3, 12873797
List the prime factors of 1480959507.
3, 167, 2956007
What are the prime factors of 97976320?
2, 5, 13, 23
What are the prime factors of 3920873755?
5, 1289, 608359
List the prime factors of 929487748.
2, 7, 151, 191, 1151
What are the prime factors of 743405645?
5, 41, 353, 10273
What are the prime factors of 34220748?
2, 3, 19, 150091
What are the prime factors of 26008072?
2, 3251009
List the prime factors of 120715895.
5, 17, 449, 3163
List the prime factors of 31650962.
2, 7, 322969
What are the prime factors of 270790439?
229, 1182491
List the prime factors of 99014329.
113, 876233
List the prime factors of 108550957.
108550957
List the prime factors of 524585156.
2, 131146289
What are the prime factors of 1713243272?
2, 13, 17, 31, 31259
What are the prime factors of 78456073?
19, 661, 6247
What are the prime factors of 585587102?
2, 67, 241, 18133
What are the prime factors of 17836039?
13, 389, 3527
List the prime factors of 29951295.
3, 5, 11, 181523
List the prime factors of 288118805.
5, 13, 17, 31, 647
What are the prime factors of 2473650585?
3, 5, 7, 1121837
List the prime factors of 5744135344.
2, 337, 1065307
List the prime factors of 3674620.
2, 5, 313, 587
List the prime factors of 1053134.
2, 613, 859
What are the prime factors of 25084339?
7, 1033, 3469
What are the prime factors of 288508174?
2, 191, 755257
List the prime factors of 158503055.
5, 4583, 6917
What are the prime factors of 532678254?
2, 3, 7577, 11717
List the prime factors of 24642858.
2, 3, 4107143
List the prime factors of 322468805.
5, 89, 151, 4799
List the prime factors of 4958444.
2, 37, 33503
List the prime factors of 35574971.
35574971
What are the prime factors of 470012816?
2, 7, 13, 167, 1933
What are the prime factors of 88358281?
11, 8032571
List the prime factors of 801922318.
2, 400961159
What are the prime factors of 2508968670?
2, 3, 5, 13, 6433253
List the prime factors of 862937745.
3, 5, 73, 788071
List the prime factors of 579784092.
2, 3, 23, 89, 23603
What are the prime factors of 16884016?
2, 1055251
List the prime factors of 78233509.
139, 562831
List the prime factors of 8240918197.
29, 284169593
List the prime factors of 102748081.
102748081
List the prime factors of 1039358967.
3, 3881, 89269
List the prime factors of 52923019.
52923019
What are the prime factors of 63853529?
63853529
List the prime factors of 167280151.
137, 431, 2833
What are the prime factors of 491545941?
3, 19, 2749, 3137
List the prime factors of 911241380.
2, 5, 7, 43, 229, 661
What are the prime factors of 45274739?
19, 2382881
What are the prime factors of 2451891170?
2, 5, 245189117
What are the prime factors of 617076940?
2, 5, 30853847
What are the prime factors of 96260990?
2, 5, 7, 151, 1301
What are the prime factors of 21458945?
5, 769, 5581
What are the prime factors of 18959342?
2, 1307, 7253
List the prime factors of 65948058.
2, 3, 11, 333071
List the prime factors of 1206408413.
7, 8597, 20047
List the prime factors of 3003176534.
2, 1501588267
List the prime factors of 969327949.
969327949
What are the prime factors of 78651679?
439, 179161
List the prime factors of 28314240.
2, 3, 5, 14747
List the prime factors of 108569261.
197, 551113
List the prime factors of 454215209.
7, 64887887
What are the prime factors of 2421035?
5, 484207
What are the prime factors of 44251794?
2, 3, 2458433
List the prime factors of 83577751.
19, 4398829
What are the prime factors of 10357817?
37, 279941
List the prime factors of 74269814.
2, 2551, 14557
List the prime factors of 547967689.
47, 53, 219979
What are the prime factors of 86179132?
2, 13, 31, 193, 277
What are the prime factors of 66037893?
3, 22012631
What are the prime factors of 2313127530?
2, 3, 5, 7, 407959
List the prime factors of 99683197.
31, 3215587
List the prime factors of 596501826.
2, 3, 23, 619, 6983
List the prime factors of 81009429.
3, 27003143
List the prime factors of 136735762.
2, 68367881
List the prime factors of 9278699.
9278699
What are the prime factors of 853767202?
2, 426883601
List the prime factors of 243112103.
13, 18700931
List the prime factors of 1431450239.
109, 251, 52321
List the prime factors of 834980644.
2, 29, 7198109
List the prime factors of 1641968013.
3, 7, 78188953
List the prime factors of 211312398.
2, 3, 11, 307, 10429
What are the prime factors of 83058246?
2, 3, 4614347
What are the prime factors of 133413155?
5, 19, 293, 4793
List the prime factors of 25014880.
2, 5, 11, 61, 233
List the prime factors of 2642636328.
2, 3, 10259, 10733
What are the prime factors of 281671153?
1051, 268003
What are the prime factors of 6008176352?
2, 19, 9881869
What are the prime factors of 208058896?
2, 2237, 5813
List the prime factors of 77171094.
2, 3, 7, 11, 13, 4283
What are the prime factors of 1092693?
3, 7, 61, 853
List the prime factors of 3448199.
401, 8599
List the prime factors of 58373070.
2, 3, 5, 7, 17, 83, 197
List the prime factors of 68008189.
68008189
List the prime factors of 1378453891.
17, 113, 617, 1163
List the prime factors of 2848461894.
2, 3, 17, 83, 112153
What are the prime factors of 35099544?
2, 3, 739, 1979
What are the prime factors of 313345266?
2, 3, 13, 309019
What are the prime factors of 582078480?
2, 3, 5, 23, 105449
List the prime factors of 1471530586.
2, 29, 25371217
List the prime factors of 31836607.
11, 907, 3191
List the prime factors of 210510765.
3, 5, 101, 15439
List the prime factors of 54271454.
2, 41, 137, 4831
What are the prime factors of 15470242?
2, 7735121
What are the prime factors of 558199251?
3, 62022139
What are the prime factors of 11476092?
2, 3, 956341
List the prime factors of 152708742.
2, 3, 61, 139079
List the prime factors of 49880183.
49880183
List the prime factors of 16201460.
2, 5, 11, 73643
What are the prime factors of 3934793519?
307, 12816917
List the prime factors of 3899896192.
2, 23, 613, 2161
What are the prime factors of 45985228?
2, 37, 310711
What are the prime factors of 666095696?
2, 7, 127, 46829
What are the prime factors of 1219469786?
2, 277, 2201209
What are the prime factors of 57136690?
2, 5, 13, 211, 2083
List the prime factors of 24979115.
5, 7, 257, 2777
List the prime factors of 1419067597.
1419067597
What are the prime factors of 577629?
3, 13, 4937
What are the prime factors of 5175732927?
3, 151, 11425459
What are the prime factors of 841381034?
2, 13, 17, 181, 809
What are the prime fact